- (-1 - (2 - 2)). Suppose q*d + 15 = 39. Suppose w - 69 = -2*w. What is the remainder when w is divided by d?
11
Let x = 48 + -45. What is the remainder when 7 is divided by x?
1
Let u = 57 + -52. What is the remainder when 12 is divided by u?
2
Suppose -2*k + k + 24 = 0. Let x be (k/(-10))/(1/5). Calculate the remainder when 4/(-6) + (-488)/x is divided by 14.
12
Suppose t + 81 = 4*t. Suppose -2*v + t = -11. Suppose 5*u - 8 = 42. What is the remainder when v is divided by u?
9
Let y be (-9)/2*16/24. What is the remainder when 32 is divided by (2 + y)/((-1)/11)?
10
What is the remainder when 10/(-4)*(-678)/15 is divided by 38?
37
Let w = -8 - -10. Suppose -11 = w*h - 7. Let n = h - -7. Calculate the remainder when 17 is divided by n.
2
Suppose r + 4 = -4*m + 2, -4*r = m - 7. Suppose -r*x + 2 = 0, 4*l + 5*x = 290 - 117. Suppose -4*n - 6 = -l. Calculate the remainder when 16 is divided by n.
7
Let p(i) = -13*i - 5. Let c be p(-5). Suppose -4*v = 16 - c. What is the remainder when v is divided by -1*(2 + -1) + 7?
5
Let f = -4 + 4. Suppose f = -6*u + 3*u + 42. What is the remainder when 54 is divided by u?
12
Let f(b) = -b**3 + 8*b**2 - 5*b + 3. Let r be f(5). Let l = r + -19. What is the remainder when l is divided by 18?
16
Calculate the remainder when (-3 + 2)/(4/(-436)) is divided by 10.
9
Suppose 5*u = 5*j - 15, 2*u + 4*j = -30 - 0. Suppose 12*h - 48 = 15*h. Calculate the remainder when 11 is divided by (-30)/u + h/56.
3
Let g = -2 - -2. Suppose 3*u - 2*u - 13 = 3*m, g = -5*m + 5*u - 5. Let w(n) = n**3 + 5*n**2 - 6*n + 3. Calculate the remainder when 7 is divided by w(m).
1
Let d = 15 - 11. Calculate the remainder when 15 is divided by d.
3
Let t = 15 + -10. What is the remainder when t is divided by 3 + ((-3)/(-9) - (-16)/(-12))?
1
Let u(g) = 2*g**3 - 3*g**2 - 5*g + 3. Suppose 4 - 2 = l + y, 3*l + y = 8. Calculate the remainder when u(l) is divided by 8.
7
Let h(u) = 14*u - 6. Calculate the remainder when h(1) is divided by 6.
2
Suppose -5*n = -4*a - 206, -3*n + 3*a + 62 = -64. Calculate the remainder when n is divided by 3.
2
Let f(o) = 27*o**3 + 2*o**2 + o. Let v be f(-1). Let c = v + 65. Calculate the remainder when c is divided by 7.
4
Let s = 53 + -28. What is the remainder when 123 is divided by s?
23
Calculate the remainder when 519/15 + 10/25 is divided by 4.
3
Suppose -20 = -h - 2. Calculate the remainder when 69 is divided by h.
15
Suppose 5*m + r = 156, 24 - 82 = -2*m + 4*r. Suppose 0 = -0*b + b - 12. Calculate the remainder when m is divided by b.
7
Suppose 0 = 5*g - 14 - 11. Calculate the remainder when g is divided by 3.
2
Suppose -2*o + 2 + 0 = -2*y, -3*y - 3*o = -21. Suppose -y*x + 2*x = -11. Calculate the remainder when 19 is divided by x.
8
Let g = -10 - -5. Let q(f) = -4*f + 2. What is the remainder when q(g) is divided by 6?
4
Suppose t - 6 = -2. Suppose -323 = -t*x + 4*h - 55, x = -5*h + 55. Calculate the remainder when x is divided by 22.
21
Let h = 126 - 101. Let x = 43 + -30. What is the remainder when h is divided by x?
12
Suppose 0 = -3*o + 5 + 7. Suppose m + 4*h - 6 = 0, 0 = -4*m + 2*m + o*h. Calculate the remainder when 2 is divided by m.
0
Let r(z) = -z - 5. Let f be r(-7). Suppose 4*y = f*y + 212. Let a = -75 + y. What is the remainder when a is divided by 11?
9
Let d = -5 - -15. Let q be (-4)/(-3 + (-2 - -3)). Suppose -7*g + 20 = -q*g. What is the remainder when d is divided by g?
2
Let j be 1 + 2 + -1 - 7. Let p(w) be the third derivative of -w**6/120 - w**5/15 + w**4/6 - w**3/2 + w**2. What is the remainder when 6 is divided by p(j)?
0
Let s(u) = 2*u**3 + 3*u**2 - 2*u + 4. What is the remainder when 55 is divided by s(2)?
27
Suppose -u + 4 = -5*u. Suppose -l - 3*x = -5*l + 41, -2*x = -10. What is the remainder when l is divided by 5 + (-3)/3 - u?
4
Suppose -y = 3*z - 55, 0*y + 2*y - 5*z - 121 = 0. Calculate the remainder when y is divided by 20.
18
Suppose -5*m = -5*g + 139 + 176, -3*g = 2*m - 169. Let w = -31 + 46. Calculate the remainder when g is divided by w.
14
Let z = -189 + 246. What is the remainder when z is divided by 30?
27
Suppose 5*x - 80 = -5*q, 3*q + 3*x - x = 47. What is the remainder when q is divided by 9?
6
Suppose -2*r + 6 + 1 = -j, r - 5 = -j. Let g = j + 12. Suppose -6 = -2*z + 4*t, 7*z + 3*t - 23 = 3*z. Calculate the remainder when g is divided by z.
3
Let x(a) = -2*a - 2*a**2 - 2 + 3*a**2 + a**3 - 4*a**3. Calculate the remainder when x(-2) is divided by 11.
8
Suppose 3*o - 6*o = -18. What is the remainder when 10 is divided by o?
4
Suppose 2*z = 3*b + 41, -z - 2*z + 81 = 2*b. Suppose 0 = 3*w - 33 - 258. Calculate the remainder when w is divided by z.
22
Let v(y) = y**2 - 9*y - 1. Let n be (5/10)/((-2)/(-40)). Calculate the remainder when 16 is divided by v(n).
7
Let n be ((-4)/(-6))/((-7)/315). Let l = -10 - n. What is the remainder when 57 is divided by l?
17
Let c = -7 - -10. Suppose c*p + m - 15 = 0, -4*m = -p + 4*p - 15. Let j = 7 + 7. Calculate the remainder when j is divided by p.
4
Let j(b) = -b**2 - 22*b - 18. Calculate the remainder when 87 is divided by j(-20).
21
Suppose -3*k + 14 = 2*k - 3*l, -5*k = -5*l - 20. Let w be -5 + (1 + -1 - k). Let c = 9 + w. What is the remainder when 8 is divided by c?
2
Suppose -2*s - 3*c = -20 - 10, 2*c = 5*s - 37. Suppose 3*p - f = s, -4*p - 1 + 5 = -4*f. What is the remainder when p/(-1)*(-9 + -1) is divided by 14?
12
Suppose -9*u + 8*u + 22 = 0. What is the remainder when 36 is divided by u?
14
Let c(j) = j**2 + 4*j**2 + 5*j**3 + j + j**3 + 5 - 5*j**3. What is the remainder when c(-4) is divided by 10?
7
Let q = 10 - 7. Let r be 3 - (0 + (-9 - -2)). What is the remainder when 14 is divided by r*(q/6 + 0)?
4
Suppose -40 = -0*y - 4*y. Let h = 15 - y. Let b = -1 + 14. What is the remainder when b is divided by h?
3
Let k(l) = 5 - 1 + 4 + 2*l - 1. What is the remainder when 20 is divided by k(0)?
6
Let f = 1 + 29. What is the remainder when f is divided by 8?
6
Let m be (-3 - 15/(-6))*-6. Suppose 2*b = 5*a - 10, m*b + 0*b - 3*a = 3. Calculate the remainder when 8 is divided by b.
3
Let f(k) = -k**3 + 15*k**2 + 17. Calculate the remainder when 65 is divided by f(15).
14
Let b = 6 + 1. What is the remainder when 12 is divided by b?
5
Suppose g + 1 - 6 = 0. Suppose 14 = g*q - 11. Calculate the remainder when q is divided by 3.
2
Let f = 15 - -32. Calculate the remainder when 92 is divided by f.
45
Suppose 2*w = 5*t - 254, -5*t + 108 = -w - 144. What is the remainder when t is divided by 11?
6
Suppose -2*z - 3*z - b + 62 = 0, 3*z - b = 34. What is the remainder when 45 is divided by z?
9
Suppose 0 = 4*b - 0*b - 20. What is the remainder when 18 is divided by b?
3
Let o(m) = m**3 - 5*m**2 + 5*m + 1. Let z(p) = -p**3 - 6*p**2 - 6*p + 4. What is the remainder when z(-5) is divided by o(4)?
4
Suppose -3*b + 47 = -5*l, 2*b + l = -0*l + 53. What is the remainder when 46 is divided by b?
22
Let y = 48 - 86. Let g = y + 65. Calculate the remainder when g is divided by 10.
7
Let x(z) = -7*z + 3. Calculate the remainder when x(-3) is divided by 5.
4
Suppose -14*i = -11*i - 30. What is the remainder when 39 is divided by i?
9
Let u(s) = 3*s**2 - 4*s + 1. Let m be u(4). Suppose 2*d + m = 115. What is the remainder when d is divided by 14?
13
Let o be (48/(-14))/((-8)/28). Let b = 0 - -3. Let v = b + o. Calculate the remainder when 59 is divided by v.
14
Suppose 3*k - 5*a = 96, -a - 32 = -k - 0*a. Calculate the remainder when k is divided by 11.
10
Suppose -2*c + 0*c + 30 = 0. Suppose 0 = -5*x - 4*n + 45, 2*x + 0 + c = 5*n. What is the remainder when (-2 - -1)*-2 - -10 is divided by x?
2
Suppose -2*b = 3*b - 15. Suppose -f - b*i + 26 = 2*i, 4*f - 3*i - 58 = 0. Let u = 29 - f. What is the remainder when 38 is divided by u?
12
Let d(s) = -21*s - 6. What is the remainder when d(-4) is divided by 16?
14
Suppose -y = -2*y - m + 38, 139 = 3*y - 2*m. What is the remainder when y is divided by 5?
3
Let f be 3 + (-1)/(3/(-132)). Let n = f - 1. Calculate the remainder when n is divided by 12.
10
Let o = 0 - -6. Calculate the remainder when (1*2 - 0)*(-231)/(-22) is divided by o.
3
What is the remainder when (-1)/(1 + (-40)/35) is divided by 2?
1
Suppose 6*o - 10*o + 64 = 0. Let n = -15 + 22. Let q = o - n. Calculate the remainder when 17 is divided by q.
8
Suppose 3